n l is divided by 30?
7
Let b = -881 - -945. Calculate the remainder when 316 is divided by b.
60
Let n(u) = u**3 - 8*u**2 + 28*u - 20. Calculate the remainder when n(8) is divided by 23.
20
Let g(u) = 4*u**2 - 2*u + 1. Let f = 38 + -34. Suppose -p - f*p + 25 = 0. What is the remainder when g(p) is divided by 23?
22
Let g be 2/(12/(-9))*(-2)/3. Let x(c) = 32*c - 1. Calculate the remainder when x(g) is divided by 16.
15
Let s(r) = r**3 + 7*r**2 + 6*r - 8. Let i be s(-6). Let b be (-5)/((-30)/i)*-6. What is the remainder when 18 is divided by 4*(38/b - 3)?
4
What is the remainder when 29 is divided by (-15)/(-2)*(-12)/(-5)?
11
Suppose -5*j + 9*d = 6*d - 107, 0 = -3*j + 2*d + 65. Calculate the remainder when 49 is divided by j.
11
Suppose 5*c + c - 90 = 0. What is the remainder when 71 is divided by c?
11
Let h = 8 + -9. Let w(u) = 3*u**3 - u**2 - u - 1. Let a be w(h). Calculate the remainder when 10/(-1)*a/8 is divided by 3.
2
Suppose -t + 83 = -0*t. Suppose -52*q = 125*q - 4398 - 3213. What is the remainder when t is divided by q?
40
Let d = -26 - -22. Let o(w) = -9*w - 12. Calculate the remainder when o(d) is divided by 5.
4
Let b(q) = -7*q - 10. What is the remainder when b(-4) is divided by 15?
3
Suppose 0 = 8*p - 13*p + 30. Let i(b) = -3*b - 1. Suppose 13 = 2*u + 5*q, 5*u - q - q + 11 = 0. What is the remainder when p is divided by i(u)?
0
Let y(r) = 12*r - 13. Suppose -w + 6*w = 40. Calculate the remainder when y(2) is divided by w.
3
Calculate the remainder when -4 + 32 - (-8)/(-2) - -1 is divided by 6.
1
Let m = -444 - -507. What is the remainder when m is divided by 2/4 + (-31)/(-2)?
15
Suppose 1016*q - 12680 = 976*q. Calculate the remainder when q is divided by 88.
53
Calculate the remainder when (-6)/(-4)*(-62)/(-3) is divided by 5 + 11 + -12 + 1*4.
7
Suppose 0 = 4*m - 5*f - 53, -3*m + m + 31 = -f. Suppose 178 = 22*u + 46. What is the remainder when m is divided by u?
5
Let d be (-2)/(-10) - 12/(-15). Let r = d - 5. Let a = 8 + r. Calculate the remainder when a is divided by 3.
1
Let x be 6/(-12) + 218/4. Suppose -y + 6 = -3*q - 28, -y - 2*q + x = 0. Calculate the remainder when y is divided by -2 + 14/(2 + -1).
10
Let o(y) = -y**3 - 39*y**2 - 110*y + 47. Suppose -25 = -l - 3*x, 0 = -0*l + 3*l - x - 125. What is the remainder when o(-36) is divided by l?
39
Suppose 8*g = 11*g - 555. Let z = g - 126. Calculate the remainder when z is divided by 30.
29
Calculate the remainder when 2/(0 - (-8)/284) is divided by 39.
32
Suppose -18 + 2 = 2*v. Let r(a) = -a - 4. Let w be r(v). Suppose 0 = 2*x - w*x + 50. Calculate the remainder when 99 is divided by x.
24
Let x(a) = 8*a - 8 + 5*a - 9*a. What is the remainder when x(10) is divided by 11?
10
Let h = 17 - -17. Let a = -8 + h. Calculate the remainder when 101 is divided by a.
23
Suppose 2 = m - 2. Suppose -6 = -3*a, m*w = 5*a + 1 + 1. Suppose -5*c + 0*c + 35 = 0. Calculate the remainder when c is divided by w.
1
Suppose -3*r = -4 - 278. What is the remainder when r is divided by 25?
19
Let w(a) = -a**2 - 12*a + 1. Let d be w(-8). Suppose -7*u = -124 + d. What is the remainder when 38 is divided by u?
12
Let z = -24 + 26. Calculate the remainder when 67 is divided by 34/z*(-7 + 8).
16
Let t(a) = -4*a + 6. Let v be t(-12). Let j = v + -33. Calculate the remainder when 61 is divided by j.
19
Suppose 421 + 91 = 4*s. Let w(u) = 17*u - 1. Calculate the remainder when s is divided by w(2).
29
Let w(x) = 7*x + 2. Let b = -5523 + 5568. Calculate the remainder when b is divided by w(3).
22
Let o(b) = 2*b - 15. Let y = 4 + 6. Let t be o(y). Suppose -t*n = -z + 19, 5*n - 2 = -5*z + 3. What is the remainder when 10 is divided by z?
2
Suppose 0 = 3*r - 18*r + 1620. Calculate the remainder when r is divided by 21.
3
Let m(u) = u**2 - 38*u - 803. What is the remainder when 847 is divided by m(54)?
54
Let g(q) = 6*q**2 - q. Let i be g(-1). Suppose -3*v = -3*r - 15, -4*r = -3*v - 0*v + 11. Let n = v - i. What is the remainder when 7 is divided by n?
1
Let y = 371 + -329. What is the remainder when 81 is divided by y?
39
What is the remainder when 1/(-6) + (4886/(-12))/(-1) is divided by 69?
62
Let x(h) = 17*h + 170. Calculate the remainder when 575 is divided by x(-9).
14
Let f(g) = -g**2 + 4. Let c be f(4). Let k = 16 + c. Suppose -o - k*o + 175 = 0. What is the remainder when o is divided by 9?
8
Suppose 4*j + 0*y = -3*y + 649, -4*j + y = -669. Calculate the remainder when j is divided by 56.
54
Let u(q) = 2*q**3 - 4*q**2 - 4*q - 1. Let o be u(8). Suppose 13*a + o = 18*a. What is the remainder when a is divided by 25?
22
Calculate the remainder when 62 is divided by 8/((4/(-4))/4*-1).
30
Suppose 4*p - 12 = -0*p, 127 = 4*z + p. Calculate the remainder when z is divided by 15.
1
Suppose -6*y - 4*m - 15 = -y, 0 = 3*y - m - 8. Calculate the remainder when 58*(4/y)/8 is divided by 8.
5
Let w = -12 + 18. Let p be 34/w - 4/6. Suppose p*q + 181 = 556. What is the remainder when q is divided by 19?
18
Calculate the remainder when 951 is divided by (68/(-10))/(84/(-840)).
67
Suppose 3*y = -3*s - 9, 7*y = -s + 3*y - 3. Let c be ((-4)/s)/((-4)/(-18)). Suppose -55 = k - c*k. Calculate the remainder when 31 is divided by k.
9
Let b = -2 + -5. Let y be 126/b + (-2 - -2). What is the remainder when -2 - (-3)/1 - y is divided by 10?
9
Let p(d) = -d + 9. Let t be p(6). Suppose -r = 3*w + t*r - 27, -w - r + 9 = 0. What is the remainder when 11 is divided by w?
2
Let h = -97 - -163. Let u = 136 - h. Suppose -7*q - 83 = -209. Calculate the remainder when u is divided by q.
16
Suppose 3*l - 215 = -2*a, 5*a = 3*l + 308 + 261. Calculate the remainder when a is divided by 43.
26
Let v = 52 + -48. Suppose -v*f = -8*r + 3*r - 4, -3*r = 2*f - 24. Let n = 28 + -11. What is the remainder when n is divided by f?
5
Calculate the remainder when -10 + 19 - 14 - -554 is divided by 8.
5
Let d(v) = -10*v - 142. Suppose -6 = -x - 2*x + 2*o, 2*o = 0. Suppose 16 = x*j - 10. What is the remainder when j is divided by d(-15)?
5
Suppose 0 = o + y - 50 - 27, -102 = -o + 4*y. What is the remainder when 95 is divided by o?
13
What is the remainder when 56152/96 - (-19)/228 is divided by 21?
18
Suppose 0*y + 213 = 5*y + 3*d, 0 = -5*y + d + 209. What is the remainder when 461 is divided by y?
41
Suppose -12*t + 30*t - 5634 = 0. What is the remainder when t is divided by 15?
13
Suppose 4*u + 2*g = u + 221, g - 72 = -u. What is the remainder when 255 is divided by u?
24
Suppose 0 = 16*y - 20*y - 48. Calculate the remainder when 11 is divided by y + 9 - (0 - 9).
5
Let q(t) = t**3 + t + 83. Let z(j) = 3*j**3 - j**2 + 4*j - 7. Calculate the remainder when q(0) is divided by z(2).
20
What is the remainder when 15 is divided by 8/14 + 0 + 104/14?
7
Let d be 7 + -7 - (0 - 0/2). Suppose d = j + 64 - 68. Calculate the remainder when 11 is divided by j.
3
Let r be (-6 - -2)/(10 + -12). Suppose r*a - d - 4 = 3*d, 4*a = 2*d + 20. What is the remainder when 0*(-2)/(-2) - -17 is divided by a?
5
Let r be 3/9 - ((-5)/3 - -2). Suppose -2*a = 5*b - 191 + 35, 2*b + 4*a - 72 = r. What is the remainder when 87 is divided by b?
27
Let q = -64 + 104. Suppose -2*c = -q + 12. Calculate the remainder when 181 is divided by c.
13
Suppose 4*j - 8 = 0, -j - 3*j + 33 = 5*q. Suppose q*x - 159 = 4*d, 90 = 3*x + 5*d + 2. What is the remainder when x is divided by 20?
11
Let j(a) = -10*a + 80. What is the remainder when j(-39) is divided by 43?
40
Let o(l) = -4*l**3 - 3*l**2 - 6*l - 1. Let q be o(-4). Suppose -1026 + q = -5*y. Calculate the remainder when y is divided by 27.
24
Let l(b) = b + 12. Let d be l(-5). Suppose 4*v - d - 9 = 0. Suppose -5*a + 25 = 0, -7 = -g + v*a + 2. What is the remainder when g is divided by 16?
13
Calculate the remainder when ((-85)/15 - -6)/((-2)/(-1698)) is divided by 58.
51
Suppose 42 = 9*w - 48. Suppose 24 = -7*r + w*r. Calculate the remainder when r is divided by 7.
1
Suppose -183*g - 128 = -191*g. Calculate the remainder when 111 is divided by g.
15
Let q = -220 + 331. Suppose -u = -2*i - 34, 4*u = -0*u + 3*i + q. Let k(n) = n**3 - 2*n**2 + 3*n + 4. Calculate the remainder when k(5) is divided by u.
22
Let t(m) = -6*m**2 + 2*m - 10. Let n(q) = 5*q**2 - q + 9. Let x(c) = -7*n(c) - 6*t(c). Let f = 55 - 39. Calculate the remainder when x(-5) is divided 